
4
127 (base 11) to base 3
12120
2 (base 12) to base 6
2
-2002 (base 4) to base 13
-a0
-67 (base 12) to base 15
-54
What is -57 (base 9) in base 11?
-48
What is 2 (base 13) in base 5?
2
What is 0 (base 12) in base 8?
0
23 (base 6) to base 14
11
What is -61 (base 11) in base 7?
-124
What is -b (base 15) in base 10?
-11
What is -1010111 (base 2) in base 16?
-57
Convert -96 (base 14) to base 13.
-a2
65 (base 9) to base 5
214
What is 1 (base 15) in base 16?
1
3 (base 4) to base 3
10
What is -5d (base 16) in base 13?
-72
-111 (base 3) to base 5
-23
0 (base 2) to base 5
0
-2 (base 5) to base 15
-2
-1121 (base 3) to base 7
-61
What is -68 (base 13) in base 16?
-56
Convert -25 (base 10) to base 12.
-21
What is -121 (base 6) in base 12?
-41
4 (base 6) to base 3
11
What is 1 (base 4) in base 11?
1
Convert 104 (base 5) to base 11.
27
What is 0 (base 5) in base 11?
0
-112 (base 5) to base 16
-20
6 (base 14) to base 15
6
341 (base 5) to base 6
240
Convert -21 (base 13) to base 8.
-33
121 (base 9) to base 15
6a
0 (base 5) to base 14
0
What is -7 (base 12) in base 10?
-7
Convert -322 (base 4) to base 7.
-112
Convert -12 (base 16) to base 5.
-33
What is -60 (base 10) in base 6?
-140
100 (base 2) to base 4
10
Convert -8 (base 16) to base 11.
-8
17 (base 16) to base 10
23
3 (base 5) to base 9
3
What is -2 (base 8) in base 2?
-10
1 (base 2) to base 7
1
12 (base 5) to base 2
111
What is -11010 (base 2) in base 14?
-1c
-156 (base 7) to base 6
-230
2 (base 5) to base 8
2
6 (base 14) to base 12
6
1104 (base 5) to base 15
a4
24 (base 8) to base 4
110
-23 (base 9) to base 8
-25
What is 81 (base 14) in base 4?
1301
Convert 41 (base 9) to base 5.
122
What is 43 (base 12) in base 6?
123
-427 (base 8) to base 4
-10113
Convert 8 (base 15) to base 6.
12
Convert 103 (base 4) to base 8.
23
1 (base 6) to base 12
1
Convert -31 (base 5) to base 14.
-12
28 (base 15) to base 3
1102
1 (base 8) to base 2
1
-21 (base 5) to base 16
-b
Convert -2013 (base 4) to base 7.
-252
1110 (base 3) to base 15
29
-100010101 (base 2) to base 9
-337
Convert 113 (base 10) to base 4.
1301
Convert 13 (base 4) to base 13.
7
What is 103 (base 5) in base 14?
20
What is -33 (base 4) in base 2?
-1111
Convert 43 (base 11) to base 14.
35
Convert -31 (base 5) to base 9.
-17
134 (base 8) to base 6
232
-100000 (base 3) to base 5
-1433
What is 15 (base 14) in base 13?
16
What is 0 (base 16) in base 3?
0
What is -233 (base 10) in base 2?
-11101001
3 (base 4) to base 9
3
25 (base 13) to base 10
31
What is -10 (base 2) in base 9?
-2
-18 (base 14) to base 7
-31
101 (base 2) to base 13
5
Convert 20121 (base 3) to base 7.
343
Convert -2 (base 10) to base 16.
-2
Convert 2d (base 15) to base 12.
37
Convert 40 (base 9) to base 2.
100100
-324 (base 5) to base 9
-108
What is 1001101 (base 2) in base 14?
57
54 (base 6) to base 8
42
Convert 0 (base 8) to base 12.
0
Convert 2311 (base 4) to base 2.
10110101
202 (base 3) to base 2
10100
What is 10000 (base 3) in base 2?
1010001
Convert 3 (base 6) to base 3.
10
-3 (base 11) to base 12
-3
What is -77 (base 13) in base 9?
-118
What is -c2 (base 14) in base 13?
-101
-24 (base 12) to base 15
-1d
92 (base 10) to base 5
332
What is -5 (base 7) in base 6?
-5
Convert 146 (base 8) to base 16.
66
-a (base 12) to base 7
-13
What is 0 (base 8) in base 10?
0
Convert -101110 (base 3) to base 12.
-1b6
-6 (base 10) to base 6
-10
-145 (base 8) to base 9
-122
Convert -100202 (base 3) to base 6.
-1115
What is -10 (base 2) in base 8?
-2
Convert 11 (base 5) to base 6.
10
Convert 1021 (base 3) to base 6.
54
Convert 1 (base 4) to base 9.
1
-2 (base 10) to base 11
-2
Convert -1 (base 5) to base 15.
-1
Convert -18 (base 16) to base 4.
-120
-15 (base 8) to base 7
-16
What is -7 (base 8) in base 5?
-12
Convert -10 (base 6) to base 4.
-12
20220 (base 3) to base 10
186
Convert -10 (base 7) to base 13.
-7
What is 19 (base 14) in base 10?
23
Convert 3 (base 8) to base 6.
3
What is 200 (base 4) in base 2?
100000
What is 100101 (base 2) in base 11?
34
34 (base 8) to base 3
1001
Convert 121 (base 4) to base 15.
1a
Convert -50 (base 11) to base 12.
-47
What is -201 (base 4) in base 14?
-25
What is 0 (base 14) in base 7?
0
Convert 101001 (base 2) to base 4.
221
Convert 1 (base 2) to base 6.
1
-18 (base 11) to base 16
-13
11 (base 2) to base 6
3
Convert -2 (base 9) to base 11.
-2
What is 9 (base 11) in base 10?
9
-1d (base 16) to base 4
-131
Convert -18 (base 13) to base 4.
-111
20 (base 3) to base 4
12
Convert -15 (base 10) to base 16.
-f
2c (base 13) to base 16
26
-111 (base 2) to base 16
-7
What is 3001 (base 4) in base 6?
521
Convert -167 (base 8) to base 6.
-315
Convert 1 (base 15) to base 8.
1
What is -17 (base 15) in base 3?
-211
Convert 7 (base 12) to base 13.
7
Convert -4 (base 13) to base 10.
-4
What is 111010 (base 2) in base 14?
42
Convert -21 (base 12) to base 5.
-100
5 (base 15) to base 16
5
Convert -19 (base 13) to base 15.
-17
Convert -6 (base 16) to base 14.
-6
What is -10 (base 2) in base 9?
-2
Convert 3033 (base 4) to base 14.
10b
71 (base 12) to base 2
1010101
12 (base 9) to base 15
b
Convert -12 (base 8) to base 3.
-101
Convert -33 (base 6) to base 2.
-10101
What is -1 (base 3) in base 11?
-1
Convert 203 (base 8) to base 13.
a1
What is -11101101 (base 2) in base 14?
-12d
a (base 12) to base 15
a
12 (base 7) to base 9
10
2 (base 9) to base 11
2
Convert 110 (base 2) to base 12.
6
Convert 55 (base 8) to base 15.
30
Convert 13 (base 10) to base 5.
23
0 (base 7) to base 8
0
23 (base 10) to base 12
1b
4 (base 10) to base 15
4
11010 (base 2) to base 15
1b
Convert -1 (base 8) to base 10.
-1
What is 4 (base 15) in base 16?
4
Convert 11 (base 4) to base 6.
5
42 (base 12) to base 13
3b
What is -4 (base 8) in base 6?
-4
Convert 21 (base 4) to base 2.
1001
What is 3 (base 11) in base 8?
3
What is 3 (base 14) in base 10?
3
Convert 4 (base 8) to base 15.
4
-b (base 16) to base 5
-21
Convert -2 (base 6) to base 11.
-2
-7 (base 13) to base 6
-11
What is 33 (base 4) in base 8?
17
-17 (base 13) to base 4
-110
Convert 4 (base 14) to base 16.
4
-121 (base 8) to base 2
-1010001
-100 (base 2) to base 8
-4
Convert 0 (base 15) to base 5.
0
Convert -113 (base 6) to base 3.
-1200
61 (base 7) to base 8
53
Convert -11 (base 5) to base 6.
-10
-7 (base 12) to base 16
-7
Convert 10 (base 5) to base 8.
5
-3 (base 13) to base 10
-3
5 (base 10) to base 14
5
Convert -63 (base 13) to base 10.
-81
Convert a9 (base 14) to base 6.
405
0 (base 15) to base 16
0
-31 (base 7) to base 4
-112
What is 28 (base 11) in base 8?
36
What is 12 (base 5) in base 9?
7
11 (base 4) to base 15
5
Convert -43 (base 6) to base 16.
-1b
What is 1 (base 3) in base 13?
1
What is -10 (base 7) in base 15?
-7
What is 2 (base 11) in base 8?
2
20 (base 5) to base 11
a
What is 3 (base 6) in base 15?
3
What is 2010 (base 3) in base 15?
3c
What is 1110100 (base 2) in base 12?
98
What is 1102 (base 5) in base 16?
98
What is -36 (base 9) in base 8?
-41
Convert 3 (base 6) to base 16.
3
What is -1 (base 2) in base 15?
-1
101 (base 9) to base 10
82
Convert 3c (base 14) to base 8.
66
Convert -9 (base 14) to base 10.
-9
Convert -36 (base 15) to base 9.
-56
Convert -8 (base 15) to base 16.
-8
-11 (base 3) to base 11
-4
261 (base 13) to base 16
1a1
What is 666 (base 7) in base 15?
17c
4 (base 10) to base 4
10
90 (base 14) to base 5
1001
-161 (base 12) to base 16
-d9
What is 12011 (base 3) in base 15?
94
What is -a (base 13) in base 11?
-a
-311 (base 6) to base 15
-7a
3 (base 7) to base 10
3
Convert 10 (base 3) to base 16.
3
2 (base 8) to base 10
2
Convert -12 (base 5) to base 8.
-7
9 (base 11) to base 3
100
Convert -7 (base 11) to base 2.
-111
Convert -4 (base 16) to base 7.
-4
Convert -131 (base 7) to base 6.
-155
What is 30 (base 13) in base 9?
43
0 (base 9) to base 13
0
11000 (base 2) to base 7
33
126 (base 7) to base 9
76
15 (base 15) to base 14
16
What is 1 (base 9) in base 12?
1
What is -17 (base 8) in base 6?
-23
Convert 16 (base 11) to base 13.
14
0 (base 11) to base 13
0
-1 (base 10) to base 2
-1
Convert 1 (base 2) to base 9.
1
168 (base 11) to base 9
236
Convert 21 (base 3) to base 4.
13
-2 (base 6) to base 9
-2
-4 (base 9) to base 12
-4
-52 (base 7) to base 13
-2b
Convert -57 (base 8) to base 13.
-38
What is e (base 16) in base 9?
15
Convert 2 (base 13) to ba